 557, 739
What are the prime factors of 347552?
2, 10861
List the prime factors of 321079.
11, 17, 101
What are the prime factors of 485479?
485479
What are the prime factors of 170725?
5, 6829
What are the prime factors of 3340354?
2, 127, 13151
What are the prime factors of 3835148?
2, 958787
List the prime factors of 571002.
2, 3, 59, 1613
List the prime factors of 58544.
2, 3659
What are the prime factors of 3630444?
2, 3, 19, 15923
What are the prime factors of 3337180?
2, 5, 7, 11, 197
What are the prime factors of 4601269?
149, 30881
List the prime factors of 192365.
5, 79, 487
List the prime factors of 2179808.
2, 17, 4007
List the prime factors of 13549259.
61, 389, 571
List the prime factors of 2706034.
2, 109, 12413
List the prime factors of 4271826.
2, 3, 13, 54767
List the prime factors of 214666.
2, 181, 593
List the prime factors of 970412.
2, 242603
List the prime factors of 1415646.
2, 3, 31, 43, 59
What are the prime factors of 328268?
2, 82067
What are the prime factors of 193011?
3, 7, 13, 101
What are the prime factors of 7831712?
2, 7, 34963
What are the prime factors of 14996830?
2, 5, 1499683
What are the prime factors of 326598?
2, 3, 29, 1877
What are the prime factors of 1038364?
2, 43, 6037
What are the prime factors of 28610558?
2, 17, 307, 2741
What are the prime factors of 512367?
3, 233, 733
What are the prime factors of 256616?
2, 32077
What are the prime factors of 225432?
2, 3, 31, 101
What are the prime factors of 459751?
167, 2753
What are the prime factors of 11682529?
11682529
What are the prime factors of 624038?
2, 67, 4657
What are the prime factors of 2117857?
7, 302551
List the prime factors of 227011.
227011
List the prime factors of 4861183.
29, 167627
What are the prime factors of 709659?
3, 29, 2719
List the prime factors of 284762.
2, 142381
What are the prime factors of 1283864?
2, 160483
List the prime factors of 74244.
2, 3, 23, 269
List the prime factors of 3285451.
13, 252727
What are the prime factors of 13323289?
7, 139, 13693
List the prime factors of 14975766.
2, 3, 13, 547
What are the prime factors of 695615?
5, 139123
What are the prime factors of 5636202?
2, 3, 11, 13, 6569
What are the prime factors of 103660?
2, 5, 71, 73
List the prime factors of 457762.
2, 228881
List the prime factors of 351597.
3, 233, 503
List the prime factors of 126412.
2, 11, 13, 17
What are the prime factors of 7260307?
7260307
What are the prime factors of 913310?
2, 5, 91331
What are the prime factors of 1037910?
2, 3, 5, 29, 1193
What are the prime factors of 63968?
2, 1999
List the prime factors of 87369.
3, 29123
What are the prime factors of 414716?
2, 199, 521
List the prime factors of 19053133.
11, 467, 3709
What are the prime factors of 276200?
2, 5, 1381
What are the prime factors of 342304?
2, 19, 563
List the prime factors of 324075.
3, 5, 29, 149
What are the prime factors of 5497595?
5, 1099519
What are the prime factors of 111157?
29, 3833
What are the prime factors of 22114?
2, 11057
List the prime factors of 838081.
41, 20441
List the prime factors of 2389816.
2, 11, 13, 2089
List the prime factors of 7618934.
2, 23, 89, 1861
List the prime factors of 5480998.
2, 151, 18149
List the prime factors of 606131.
606131
What are the prime factors of 221974?
2, 41, 2707
List the prime factors of 10149511.
1619, 6269
What are the prime factors of 8536724?
2, 7, 304883
List the prime factors of 12647528.
2, 659, 2399
List the prime factors of 189937.
11, 31, 557
List the prime factors of 836396.
2, 11, 19009
What are the prime factors of 3325598?
2, 61, 27259
What are the prime factors of 6054890?
2, 5, 17, 35617
What are the prime factors of 3186181?
37, 86113
List the prime factors of 1522957.
37, 41161
List the prime factors of 801322.
2, 149, 2689
List the prime factors of 1422835.
5, 37, 7691
What are the prime factors of 595378?
2, 7, 23, 43
What are the prime factors of 549138?
2, 3, 19, 4817
List the prime factors of 2187660.
2, 3, 5, 19, 101
What are the prime factors of 95043?
3, 13, 2437
What are the prime factors of 51319?
19, 37, 73
What are the prime factors of 16508681?
7, 691, 3413
List the prime factors of 149130.
2, 3, 5, 1657
List the prime factors of 8719142.
2, 41, 106331
List the prime factors of 379265.
5, 75853
List the prime factors of 131872.
2, 13, 317
List the prime factors of 1851919.
1851919
List the prime factors of 303656.
2, 37957
List the prime factors of 131124.
2, 3, 7, 223
List the prime factors of 1561.
7, 223
What are the prime factors of 206837?
397, 521
List the prime factors of 288392.
2, 13, 47, 59
List the prime factors of 2580178.
2, 61, 21149
List the prime factors of 701377.
701377
What are the prime factors of 880435?
5, 176087
What are the prime factors of 2977011?
3, 67, 4937
What are the prime factors of 43830?
2, 3, 5, 487
List the prime factors of 968973.
3, 173, 1867
What are the prime factors of 4250958?
2, 3, 708493
What are the prime factors of 82424?
2, 10303
What are the prime factors of 6934320?
2, 3, 5, 9631
What are the prime factors of 166307?
19, 8753
What are the prime factors of 261695?
5, 7, 7477
List the prime factors of 7236080.
2, 5, 29, 3119
What are the prime factors of 463070?
2, 5, 46307
What are the prime factors of 843962?
2, 7, 23, 2621
List the prime factors of 280168.
2, 7, 5003
What are the prime factors of 1292578?
2, 7, 17, 5431
List the prime factors of 2490320.
2, 5, 7, 4447
What are the prime factors of 1971710?
2, 5, 13, 29, 523
What are the prime factors of 1297235?
5, 401, 647
What are the prime factors of 2070189?
3, 11, 1901
What are the prime factors of 981513?
3, 13, 8389
What are the prime factors of 11627751?
3, 3875917
What are the prime factors of 573109?
573109
List the prime factors of 10053297.
3, 1117033
What are the prime factors of 18530802?
2, 3, 343163
What are the prime factors of 4324544?
2, 7, 197
List the prime factors of 83267.
83267
List the prime factors of 1476722.
2, 13, 17, 257
What are the prime factors of 4682919?
3, 1560973
List the prime factors of 7981384.
2, 31, 32183
List the prime factors of 5091098.
2, 487, 5227
List the prime factors of 4541608.
2, 19, 29879
What are the prime factors of 208039?
13, 1231
What are the prime factors of 261442?
2, 37, 3533
What are the prime factors of 5844918?
2, 3, 983, 991
What are the prime factors of 19891923?
3, 6630641
List the prime factors of 18806.
2, 9403
What are the prime factors of 10805858?
2, 7, 691, 1117
List the prime factors of 971545.
5, 194309
List the prime factors of 12003794.
2, 11, 43, 12689
List the prime factors of 235180.
2, 5, 11, 1069
List the prime factors of 198738.
2, 3, 61, 181
List the prime factors of 639617.
11, 58147
List the prime factors of 4495679.
4495679
List the prime factors of 99712.
2, 19, 41
What are the prime factors of 503389?
503389
What are the prime factors of 8041749?
3, 2680583
List the prime factors of 1656471.
3, 571, 967
What are the prime factors of 3419?
13, 263
List the prime factors of 233145.
3, 5, 11, 157
What are the prime factors of 6003?
3, 23, 29
List the prime factors of 382449.
3, 17, 7499
List the prime factors of 10949979.
3, 3649993
List the prime factors of 161027.
283, 569
What are the prime factors of 27941746?
2, 7, 41, 48679
What are the prime factors of 194655?
3, 5, 19, 683
List the prime factors of 10388087.
491, 21157
List the prime factors of 1737226.
2, 868613
List the prime factors of 6961384.
2, 870173
What are the prime factors of 5109673?
17, 300569
List the prime factors of 358066.
2, 179033
List the prime factors of 13771680.
2, 3, 5, 13, 2207
What are the prime factors of 29949?
3, 67, 149
List the prime factors of 15633557.
17, 919621
List the prime factors of 1867413.
3, 73, 8527
What are the prime factors of 12326636?
2, 7, 61, 1031
What are the prime factors of 19180704?
2, 3, 199799
List the prime factors of 903882.
2, 3, 7, 21521
List the prime factors of 1097080.
2, 5, 27427
What are the prime factors of 202631?
11, 13, 109
List the prime factors of 17396271.
3, 97, 19927
What are the prime factors of 13794901?
41, 79, 4259
List the prime factors of 694249.
173, 4013
List the prime factors of 2679759.
3, 79, 3769
List the prime factors of 13240